2*c + b = 0. Calculate the remainder when -43*(-3 + 1 - -1) is divided by l.
13
Let k(y) = -8*y + 2*y**3 + 8*y**2 + 0*y**3 - y**3. Let i be k(-9). Let t(o) = -o**3 - 10*o**2 - 11*o - 9. Calculate the remainder when 17 is divided by t(i).
8
Let w(m) = -8*m + 1. Let p(h) = -3*h + 48. What is the remainder when w(-2) is divided by p(14)?
5
Suppose -d - 4*j + 24 = 0, -2*d + 24 = -0*d - 4*j. Calculate the remainder when d is divided by 6.
4
Let h = -33 - -59. Suppose -87 + 222 = 3*a. Let l = -31 + a. What is the remainder when h is divided by l?
12
Let t(p) = 19*p + 2. Let q be t(4). Suppose -q = -3*g - 12. What is the remainder when g is divided by 8?
6
Let u = 100 + -86. Calculate the remainder when u is divided by 5.
4
Suppose 4*n = 10 + 182. What is the remainder when n is divided by 13?
9
What is the remainder when 17 + -15 + (-122)/(-1) is divided by 21?
19
Let o = 60 - 32. Suppose 0 = -11*f + 12*f - 15. What is the remainder when o is divided by f?
13
Let y(a) = 3*a**2 - 3*a - 1. Let n = 8 + -4. Calculate the remainder when y(n) is divided by 12.
11
Let h(r) = 6*r**2 + 2*r - 1. Let m be ((-2)/(-3))/((-8)/(-12)). Let b(o) = -21*o**3 - 2*o**2 + 1. What is the remainder when b(-1) is divided by h(m)?
6
Suppose 3*f - 5*o = -0*f + 44, 4 = 3*f + 5*o. Let g = 13 - f. Calculate the remainder when 8 is divided by g.
3
Suppose y + f - 5*f - 45 = 0, -6 = 2*f. Suppose t = 3*a - 11, 4*a + 0*t = 5*t + y. Suppose a*n = 4*n - 94. Calculate the remainder when n is divided by 16.
15
Let p(j) = 2*j**2 + 3*j - 1. What is the remainder when p(2) is divided by (-1)/(26/14 - (5 + -3))?
6
Let k be 39/12 + (-1)/4. Suppose -k*z = -52 - 8. Suppose g + 5*r = z, -3*g + 21 = -3*r - 3. Calculate the remainder when 29 is divided by g.
9
Let q be (-1 - 7)*2/(-4). Suppose 0 = -4*c - 5*o + 91, -c - q + 33 = -5*o. What is the remainder when c is divided by 5?
4
Let x be 214/5 - 3/(-15). Let b = x + 1. What is the remainder when b is divided by 15?
14
Calculate the remainder when 2 - ((3 - 3) + -3) is divided by 5.
0
Let b = 16 + -11. Suppose 32 = b*h - 8. Calculate the remainder when 31 is divided by h.
7
Let o(y) = 9*y + 20. What is the remainder when 137 is divided by o(0)?
17
Calculate the remainder when 83 is divided by (-112)/(-6)*15/10.
27
Suppose 19 = o - 3*z - 5, -5*o - 3*z = -102. Calculate the remainder when 58 is divided by o.
16
Let h(v) = v + 0*v - 2 - 1. Let g = 11 - 7. What is the remainder when 2 is divided by h(g)?
0
Let i(f) = 2*f - 7*f - 3 + f + 3*f. What is the remainder when i(-6) is divided by 1?
0
Let c = 4 - -17. Let m = c + -10. Let d = -52 - -84. What is the remainder when d is divided by m?
10
Let x = -20 + 69. Calculate the remainder when x is divided by 25.
24
Suppose 4*u - 2*m - 110 = 0, 3*m = 6*u - u - 136. What is the remainder when u is divided by 16?
13
What is the remainder when 119 is divided by 2/(2 - -2)*40?
19
Let t = 35 + 158. Calculate the remainder when t is divided by 39.
37
Let l(p) = 2*p - 4. Suppose -3 = w - 6. Calculate the remainder when 3 is divided by l(w).
1
Let d be ((-44)/8)/((-1)/(-4)). Calculate the remainder when 24 is divided by d/(-143) - 115/(-13).
6
Let u(b) = b**2 + 6*b + 3. Let x be u(-5). What is the remainder when 38 is divided by (-1 - x)*-1*-10?
8
Suppose -3*q = -4*f - 6*q + 42, -4*q = 4*f - 44. Let s = 3 + -2. What is the remainder when 1 + (24 - 0) + s is divided by f?
8
Suppose j = 2*j - 18. What is the remainder when 69 is divided by j?
15
Let v(r) = -r**2 + 8*r + 11. Let n be v(9). Suppose 18 = n*y + 4. Let p(a) = -a**3 - 2*a**2 + 2*a - 4. Calculate the remainder when p(-4) is divided by y.
6
Let q be (2 + -10)*(-2)/(-4). Calculate the remainder when q*(3/(-2) - 2) is divided by 4.
2
Let j = -102 + 120. Calculate the remainder when 65 is divided by j.
11
Suppose 2*z + 59 - 83 = 0. Calculate the remainder when 58 is divided by z.
10
Let j = -5 + 47. What is the remainder when j is divided by 9?
6
Suppose -2*i + 69 = 9. What is the remainder when 118 is divided by i?
28
Suppose 17*c + 1917 = 26*c. What is the remainder when c is divided by 27?
24
Let b(x) = 7*x + 3*x - 23 + 0*x**2 + x**2 + 6. Let m be b(-13). Suppose 0 = 4*i - m - 62. Calculate the remainder when 61 is divided by i.
19
Suppose -3*r = -0*n + 4*n - 22, 0 = -3*n + 5*r + 2. Calculate the remainder when 31 is divided by n.
3
Suppose q + 26 = 2*q. Suppose 3*m - 2*f - 37 = 0, q = 2*m - 0*m - 2*f. What is the remainder when 30 is divided by m?
8
Let g(i) = i**3 + 5*i**2 - 6*i + 8. Suppose 3*m = -9 + 21. Suppose 95 = m*z - 3*u, -17 = -z + 2*u + 8. What is the remainder when z is divided by g(-6)?
7
Let v(p) = p**2 - p + 1. Let k(j) = -j**2 + 7*j - 5. Calculate the remainder when v(2) is divided by k(6).
0
Let s be 4/(-14) + 1465/7. Let u(m) = 19*m**2 + 6*m. Let q be u(3). Suppose -c = -4*h + q, -4*h - c + s = -6*c. Calculate the remainder when h is divided by 16.
14
Let v(d) = 4*d + 8. Let s be v(9). Suppose 17 = -f - 1. Let t = f + s. What is the remainder when t is divided by 14?
12
Let r = 21 - 15. Let s(b) be the first derivative of -b**3/3 - 7*b**2/2 + 1. What is the remainder when s(-5) is divided by r?
4
Let l = -24 - -59. Let f(h) = -h**2 + 2*h + 2. Let y be f(4). Let x = 6 - y. What is the remainder when l is divided by x?
11
Suppose 4*o - 4*m - 252 = 0, -m + 3 = -0*m. What is the remainder when o is divided by 10?
6
Suppose 0*l = 2*l - 12. Let b = 9 - l. What is the remainder when 4/10 + (-69)/(-15) is divided by b?
2
Let f be (2/2)/((-1)/(-3)). Calculate the remainder when (f - 3) + 4*16 is divided by 22.
20
Let q = -10 - -17. Calculate the remainder when 32 is divided by q.
4
Suppose 0 = -7*h + 2*h + 55. What is the remainder when 31 is divided by h?
9
Suppose 0*o - 45 = -5*o. What is the remainder when 25 is divided by o?
7
What is the remainder when 3/(((-4)/(-18))/2) is divided by 2/(-19*(-3)/(-15) + 4)?
7
Suppose 0 = -5*c + 28 + 22. Suppose -4*s + 9*s + y = 140, 5*s - 170 = 5*y. Calculate the remainder when s is divided by c.
9
Suppose -5*t + 2*b - 91 = 0, t + 27 - 10 = b. Let s be (224/12)/((-2)/(-6)). Let a = s + t. What is the remainder when a is divided by 13?
11
What is the remainder when 60 is divided by (-22)/(-5) + 2 + 21/35?
4
Let j(d) = 5*d - 1. Let p be j(1). Suppose -5*q = -p*s + 115, 3 = -s + 4*q + 18. What is the remainder when s is divided by 19?
16
Suppose y = 4*y - 39. Suppose -3*s = -4 + 1. Let v = s + 6. Calculate the remainder when y is divided by v.
6
Suppose 3*d = 3*p + 174, 4*d + 3*p = -p + 192. Calculate the remainder when d is divided by 9.
8
Let o be (2 + 0)*3/2. Suppose -7*f = -3*f - 12, f + o = -3*l. Calculate the remainder when 20 is divided by 22*((-6)/4 - l).
9
Suppose -t - 4*s = -51, 2*t + 2*s = -2*s + 86. Suppose 4*o = h - t, 0*o = 4*o + 8. What is the remainder when 51 is divided by h?
24
Let s = -14 + 63. What is the remainder when 194 is divided by s?
47
Suppose -4*a - 4*a = -120. Calculate the remainder when a is divided by 5.
0
Let s(w) = 3*w - 15. Let y be s(6). Suppose 4*h - 53 = 3*q, q - 2 - y = 0. Calculate the remainder when h is divided by 5.
2
Suppose 0 = -3*j + j + 12. Suppose -j*d = -d + 110. What is the remainder when 47 is divided by (-268)/d - 8/44?
11
Let z(x) = -2*x**2 + 4*x - 2. Let k be z(3). Suppose i - 3*i = -10. What is the remainder when (-110)/k + (-2)/(-8) is divided by i?
4
Let o(x) = x**3 - 9*x**2 + x - 7. Let k be o(9). Let y = k + 3. What is the remainder when y is divided by 3?
2
Let p = 12 - 0. What is the remainder when 141 is divided by p?
9
Let t be (-3)/(-1) + (3 - 2). Suppose 3*v - t*x - 17 + 0 = 0, 0 = -2*x + 8. Calculate the remainder when 21 is divided by v.
10
Let a(n) = n**3 + 4*n**2 - 3*n - 1. Let v = -9 + 6. Suppose 6 = -h + 2*h. What is the remainder when a(v) is divided by h?
5
What is the remainder when 68 is divided by (1*(-48)/14)/(2/(-21))?
32
Let k(o) = 4*o - 1. Let g be k(6). Calculate the remainder when 3*3/9*g is divided by 8.
7
Let z = 0 - -2. Suppose -z*g + 0*g + 16 = 0. Calculate the remainder when (-5 + 3)*(1 - 12) is divided by g.
6
Suppose -22 = m + 5*d, 10 = -5*m - 11*d + 6*d. Let z = 15 - m. Suppose -9*k = -8*k - 34. What is the remainder when k is divided by z?
10
Suppose 8*l = 3*l + 15. Let g(m) = -2*m**2 + 9*m + 12. What is the remai